 is c(z)?
0
Let y be ((-5276)/6)/(-2) - 8/12. Let r = 425 - y. Let l(d) = d**2 + 13*d - 11. Give l(r).
3
Let g(i) = -8*i + i - 2*i + 3*i - 4 - i**2. Suppose -3*n + 10 = 2*c - 8*n, c = -3*n - 6. Suppose c = -m + 3 - 8. Give g(m).
1
Let j(v) = -v**3 + 6*v**2 + 7*v - 4. Let g(u) be the first derivative of 7/2*u**2 - 1/3*u**3 - 10 + u. Let m be g(6). Determine j(m).
-4
Let l be -2 - 1 - ((-7 - -4) + 0). Let h be (-3)/((-2)/(-2)) + l/(-7). Let v(z) = z + 3. Let w(f) = 1. Let r(i) = h*w(i) + v(i). Calculate r(4).
4
Let k(i) = 12*i**3 + 81*i**2 - 18*i - 1. Let t(o) = -7*o**3 - 47*o**2 + 9*o. Let d(m) = 3*k(m) + 5*t(m). Let p = 3 - 2. Let x be p*2/(6/(-27)). Determine d(x).
-3
Let c = -29116 - -29146. Let f(y) = y**3 - 31*y**2 + 35*y - 140. Calculate f(c).
10
Let m(o) = -5*o**2 - 872*o - 2. Let j(d) = 4*d**2 + 654*d + 2. Let q(h) = 4*j(h) + 3*m(h). Determine q(-8).
66
Let j(x) be the first derivative of x**3/3 - x**2 + x - 11749. Let u(a) = -a**2 - 2*a + 4. Let o be u(-3). Calculate j(o).
0
Let b be (-1)/(-5) - 2201/155. Let o(k) = 5*k + 65. Calculate o(b).
-5
Let a(l) = l**2 + 7*l - 102. Let z(t) = 3*t**2 + 19*t - 307. Let i(c) = -8*a(c) + 3*z(c). Give i(9).
-15
Let q(t) = -3*t**3 - t**2 - 25*t - 25. Let n be q(-1). Let i(u) = -3*u**3 - u**2 - 3*u + 1. Calculate i(n).
-33
Let q(b) = 14*b - 9. Let d = -6572 - -6573. What is q(d)?
5
Let d(b) = 198*b - 196*b - 8 + 3 - 6 - 9. Calculate d(20).
20
Let r(q) = -2*q**3 + 3*q**2 - 6*q - 4. Suppose -11*i = 140*i - 453. Determine r(i).
-49
Let g = -611 + 605. Let v(q) be the third derivative of q**6/120 + q**5/10 - q**4/12 - 4*q**3/3 + 7*q**2. Give v(g).
4
Let a(v) = -v**3 + 2*v**2 + 1. Let f(d) = -7*d**3 - 3*d**2 + 4*d**2 + 2*d**2 + 2*d + 0*d**2. Let j be f(-1). Let p be j/(-44) + (-26)/(-22) + 1. Give a(p).
1
Let j(l) = -5*l + 194 - 67 - 43 - 72. Let w(a) = 5*a - 14*a + 29 - 6. Let y(d) = 7*j(d) - 4*w(d). Determine y(6).
-2
Let z(p) = -p**2 + 8*p - 6. Let u(s) be the first derivative of s**2/2 + 8*s - 61. Let g be u(-3). What is z(g)?
9
Let c(y) be the second derivative of -3*y**5/20 + y**4/6 - 2*y**3/3 + 5*y**2/2 - 1997*y. Give c(2).
-19
Let p(m) = 1. Let u = -366 + 365. Let k(y) be the first derivative of y**4/4 + y**3/3 + y**2 - y + 9. Let j(r) = u*k(r) - 3*p(r). What is j(-2)?
6
Suppose -364*o - 172*o = 3216. Let l(c) = c**3 + 6*c**2 + 3*c + 32. Give l(o).
14
Let n(d) = 14*d**2 - 19*d + 27. Suppose 2*x - 5*s - 28 = 0, -32*x + 31*x + 2*s = -13. Let w(c) = 3*c**2 - 5*c + 7. Let m(g) = x*w(g) - 2*n(g). What is m(-8)?
1
Let w(n) = 2*n**3 - n**2 + n - 1. Suppose -51 - 45 = 49*o + 51. Determine w(o).
-67
Let c(z) be the third derivative of 1/120*z**6 + 0 - 101*z**2 - 5/24*z**4 - 1/12*z**5 - 1/6*z**3 + 0*z. Let g = -16 - -22. What is c(g)?
5
Let t(k) = -2*k - 75. Let o(h) = -7*h - 146. Let z(d) = -6*o(d) + 13*t(d). Calculate z(6).
-3
Let w = 40 + -28. Suppose -9*i + w*i = 0. Let k(g) = g**3 - g + 15. What is k(i)?
15
Let t be (-2)/9 - (-100)/(-36). Let w(y) be the second derivative of -y**5/20 - y**4/12 + 7*y**3/6 - y**2/2 + 53*y. Give w(t).
-4
Let b be 1*-12*(-105)/60. Let c(i) be the first derivative of 1/2*i**2 - b - 4*i - 1/3*i**3. Calculate c(0).
-4
Let l(q) = -22*q**2 + 2*q. Let m(h) = -108*h**2 + 42*h. Let i(p) = 4*l(p) - m(p). What is i(2)?
12
Let k(d) = -4*d - 31. Let v(s) = -9*s**2 + 94*s - 51. Let g be v(10). Give k(g).
13
Let u(r) = -36 + 13 + 14 + 9 + 5 + 2*r**2 + 8*r. Calculate u(-7).
47
Let i(b) = -b**2 - 4*b + 5. Let j be i(-6). Let r(h) = 20*h**2 - 4 - 2*h + 22*h**2 - 35*h**2 + h**3 - 6. What is r(j)?
4
Let i(y) = -6*y - 101. Let p(d) = 4*d + 8. Let l(q) = i(q) + 3*p(q). Give l(14).
7
Let i be -8*5/(-6 - -1). Let j(a) = -3*a + i*a + a**2 - 9 + 3. Determine j(-5).
-6
Let s = 69 - 66. Suppose -s*c - 391 = -139. Let n = c - -89. Let u(q) = q + 6. Calculate u(n).
11
Let b(k) = -k**2 + k - 2. Let s = 9 + -1. Suppose -2*n + 0 = -s. Let p be -6*-2*(3 - 11/n). Give b(p).
-8
Let y(q) = -19*q**3 + 4*q**2 + 8*q - 8. Let g(h) = -25*h**3 + 3*h**2 + 10*h - 7. Let u(i) = 3*g(i) - 4*y(i). Calculate u(7).
-3
Let o(r) be the first derivative of -r**5/120 - 2*r**4/3 + r**3/3 + 14*r**2 - 88. Let u(v) be the third derivative of o(v). Give u(-10).
-6
Let s(a) = 42 - 208*a + 99*a + 110*a - 36. Suppose -z = 2*d - 26, -3*d + 2 = 3*z - 43. What is s(d)?
17
Let v(o) be the second derivative of -o**5/15 - o**4/24 + 95*o**2/2 + 103*o. Let z(q) be the first derivative of v(q). Give z(-1).
-3
Let h(d) = 6*d - 2274 + 4534 + d - 2234. What is h(-3)?
5
Let r(i) = 30*i - 289. Let k be r(10). Suppose k*y + 6 = 14*y. Let m(c) = 2*c**3 - c**2 - 2*c + 3. Determine m(y).
11
Let x(c) = -5*c + 28. Let h be x(-8). Let n(v) = 3 - 67*v**2 + h*v**2 - 2. Give n(-2).
5
Let v(c) = -96 - 1937*c**2 + c**3 + c + 104 + 1931*c**2. Calculate v(8).
144
Let h(f) = -10*f + 2*f**2 + 0*f + 4 + 3*f. Suppose 0 = 317*k - 300*k - 68. What is h(k)?
8
Let c(n) = -20*n - 3. Let o(v) = 36*v + 12. Let i(h) = 2*c(h) + o(h). What is i(21)?
-78
Let w(s) = -s + 4. Let a be (-3*(-17)/5)/((-34)/(-170)). Suppose 24 = 5*h - 4*t, -a + 103 = 5*h + 3*t. What is w(h)?
-4
Suppose -2*i - 6 = 0, -12*y = -13*y - 4*i - 16. Suppose -c - 5*z = -2, 4 = 3*c + z - 2. Let k(w) = -3 + w**c + w + 0*w**2 + 0*w**2 + w. What is k(y)?
5
Let q(m) = 2*m**2 - 79*m + 38. Let j be q(44). Let x = j + -447. Let d(s) = s**3 + 13*s**2 - s - 7. Calculate d(x).
6
Let x(d) be the first derivative of d**3/3 - d**2/2 + 10*d + 2324. Calculate x(0).
10
Let i = 128 + -53. Let r = 73 - i. Let j(w) be the second derivative of -w**3/2 + w**2/2 + w. Give j(r).
7
Let j(t) = 9678*t**2 + t**3 - 9672*t**2 - 3 + 0 + 5*t. Give j(-5).
-3
Let n = 1154 + -1129. Let o(v) = 2*v - 50. Give o(n).
0
Let x(p) = p - 3. Let u(n) = n**3 + 7*n**2 + n - 15. Let z be u(-6). Suppose 6*g = g - z, -3*g - 25 = -2*s. Give x(s).
5
Let j(s) = -6*s - 105. Let t be j(-17). Let z be t*(-2)/(-39) + (-30)/(-26). Let q(o) = -4*o**3 - 2*o**2 + 1. Determine q(z).
-5
Let v be (-404)/1212*(6 + 0)/(4 + -2). Let n(h) = -3*h**3 - 3*h**2 + 6*h + 7. Give n(v).
1
Let d(y) = -640 - 661 + 1290 - 11*y. What is d(-4)?
33
Let o(f) be the second derivative of f**4/12 - f**3/6 + 3*f**2/2 - 2*f. Let s(q) = q**3 - 7*q**2 + 13*q. Let z = 210 - 207. Let m be s(z). Calculate o(m).
9
Let z(c) be the first derivative of c**5/120 - c**4/12 - 4*c**3/3 + 15*c + 247. Let s(r) be the third derivative of z(r). Calculate s(-4).
-6
Let v(w) = -w**3 - 7*w**2 - 4*w - 7. Let y(b) = -3*b**3 + 102*b**2 - b + 27. Let h be y(34). Give v(h).
21
Let a(t) be the third derivative of t**5/60 + t**4/24 - t**3/6 - t**2. Suppose 0 = -32*i - 13486 + 13486. What is a(i)?
-1
Let y be ((-252)/17)/(-7) - 10/85. Let q(l) be the third derivative of -1/2*l**3 + 0 + 0*l + 3*l**y + 1/24*l**4. Give q(6).
3
Suppose -62 = -11*a - 18. Let i(o) = -22*o**2 - o**3 + 6*o + 27*o**2 + 0*o**3 + 1 - a*o. Suppose 0 = -3*w - w + 20. Give i(w).
11
Let k(x) = 43*x**2 + 235*x + 4. Let u(q) = 37*q**2 + 201*q + 2. Let v(d) = -6*k(d) + 7*u(d). Let w(o) = 6*o**2 - o - 1. Let j be w(-1). Calculate v(j).
8
Let c be -20*((-4 - -5) + (-9)/6). Suppose -25 = 3*u + 2*h, -2*h = -3*u + 3*h + c. Let m(r) = r + 8. Give m(u).
3
Let i(y) = -100*y + 949*y**3 - 3 - 13*y**2 - 11*y**2 + 4*y**2 - 474*y**3 - 476*y**3. Give i(-10).
-3
Let l be (-2)/3*27/(-6). Let s(h) = -5 - l*h**2 + 2 + 4*h**2 - 9*h. Suppose -3*o - k - 24 = -6*o, -3*o = -2*k - 21. Give s(o).
-3
Let k(h) = h**2 - 6*h + 6. Suppose 0 = 7*d - 73 + 17. Suppose d*r - 5*o + 3 = 5*r, 5*o - 19 = -r. Calculate k(r).
-2
Let k(t) = -101585 + 101585 + t. Suppose -2*q - 3*q = 35. What is k(q)?
-7
Let p(s) = 5*s**2 - s + 1. Let d be p(1). Suppose d*z - b = 56, 2*b + 48 = 5*z - b. Let a(f) = -2 + 4*f**3 + 11*f + z*f**2 - 12*f - 14*f**2. Give a(2).
20
Let x(b) be the first derivative of b**4/4 + 10*b**3/3 - 5*b**2 + 13*b - 3. Suppose 108*p = 370*p + 2882. What is x(p)?
2
Let q(m) be the third derivative of -m**6/120 + m**5/4 + 5*m**4/8 + 8*m**3/3 + 820*m**2. Give q(16).
0
Suppose -152 = -3*g - 167. Let u(d) = 6 - 7*d - 9*d + 13*d. Give u(g).
21
Let z = -3528 + 3514. Let k(o) = -o - 15. Calculate k(z).
-1
Let g(o) = -567 + 5*o - 588 - 584 + 2353 - 585. What is g(-8)?
-11
Let j be -2 + (3 - 11) - -1. Let f(v) = v**2 + 10*v + 5. Give f(j).
-4
Let b be (8 - 3) + (0 - -1). Let i(a) = 0 + 0 -